 10. Give d(c).
-7
Let q = -25 - -25. Let y(z) = q*z + 3*z - 4*z. Determine y(-6).
6
Let u(l) = l. Let m = 3 - -14. Suppose 2*k - k = -2*s + m, -5*s + 20 = -2*k. Let t = 12 - s. Give u(t).
6
Let k be 0 + 2/(4/4). Suppose k*m + 16 = -0*m. Let i = -3 - m. Let o(a) = 2*a - 3. Give o(i).
7
Let o(h) = h**3 + h**2 + h - 5. Let u(s) = -s**2 - 1. Let b(v) = o(v) - 4*u(v). Determine b(-5).
-6
Let h be (-1 + 4/8)*-4. Let r be 3 + (h - 5/5). Let n(y) = -2*y**2 + 4*y + 5. What is n(r)?
-11
Let n(z) = 4*z - 3. Let t(o) = o**2 - 4*o - 8. Let d be t(6). Suppose 2*v - 6*v - 2 = -2*s, -3*v - d = -2*s. Determine n(v).
5
Suppose -15 = 4*j + 5. Let i = j + 3. Let l(g) = g**3 - 3*g**2 - 2*g - 1. Let h(f) = -3*f**3 + 6*f**2 + 4*f + 3. Let r(b) = 2*h(b) + 5*l(b). What is r(i)?
1
Let w(g) = 4*g**2 + g - 18. Let d(j) = -2*j**2 + 8. Let b(s) = 5*d(s) + 2*w(s). Give b(4).
-20
Suppose 0 = -6*n + 30 - 42. Suppose 4*u - 15 = -u. Let m(h) = 2*h**2 - 2 + u*h**3 - 5*h + 3*h - 2*h**3. Determine m(n).
2
Let g(f) = 8*f**3 + 2*f**2 - 6*f + 11. Let z(i) = 8*i**3 + 3*i**2 - 6*i + 14. Let m(b) = 3*g(b) - 2*z(b). Calculate m(1).
7
Let o(h) = -2*h + 8. Let a be (-3 + 2)/((-3)/24*1). Suppose s = -5*u + 34, 5*u - 39 = -4*s - a. Calculate o(u).
-6
Let o(s) = 7*s**3 + 2*s**2 - s. Let h = -89 + 96. Suppose 0 = -5*z - 3*x - 10, h*z = 12*z - 5*x - 30. Determine o(z).
8
Let m = 29 - 41. Let s = -15 - m. Let b(l) = -l**2 - 6*l - 3. Determine b(s).
6
Let g(a) = 4*a**3 - a**2 + a. Let u = 1 + -4. Let i be (-9)/(-3) - u/3. Suppose i*m = -2*n + 10, 5*n + 0*n = 4*m + 11. Determine g(m).
4
Let a(i) = 3*i - 3*i - 2*i - 2*i - 10. Let t be a(-3). Let n(g) = -2*g**2 + 2. What is n(t)?
-6
Let q(t) = -t**2 - 5*t + 8. Let r be (-11)/2 - (-48)/32. Suppose -4*a + 9*a = -50. Let g = a - r. Determine q(g).
2
Let j(q) be the second derivative of -q**5/20 - 5*q**4/12 + 3*q**2 - 26*q + 1. Let f be 0/1 - (1 - -4). Give j(f).
6
Let o be -3*(2 + -3)/(3/3). Suppose 3*v = -12 + o. Let j(w) = -2*w + 3. Determine j(v).
9
Let r(l) = 11*l**3 + 12*l**2 + 9*l - 8. Let y(z) = 3*z**3 + z**2 + 2*z - 1. Let i(f) = r(f) - 4*y(f). Suppose v - 4*g = -12, -5*v + 4*g + 11 = -9. What is i(v)?
4
Let b(f) = -17*f + 3 + 8*f + 10*f. Let i(o) = -o - 1. Let r(j) = -3*j - 2. Let x(g) = 7*i(g) - 2*r(g). Let z(s) = 4*b(s) + 5*x(s). Determine z(5).
-8
Let z(c) be the third derivative of -c**7/1260 - c**6/180 + c**5/4 - 2*c**2. Let a(s) be the third derivative of z(s). Suppose r + 15 = -4*r. Determine a(r).
8
Let x(d) = 7*d**3 - 8*d - 8 + d + 9. Let q(v) = -20*v**3 - v**2 + 20*v - 2. Let w(a) = 6*q(a) + 17*x(a). Give w(-6).
-1
Let p(z) be the first derivative of 9*z**2/2 + z + 4. Let f = 10 - 14. Let n be f/(-10) + 21/(-15). Calculate p(n).
-8
Let a(t) be the first derivative of -t**3/6 + 5*t**2/2 - 22*t - 36. Let v(k) be the first derivative of a(k). What is v(6)?
-1
Let v(b) = -5*b**2 + 15*b + 6. Let i(h) = 7*h**2 - 15*h - 6. Let u(k) = 2*i(k) + 3*v(k). Give u(15).
6
Let u(l) be the third derivative of 0*l - 1/12*l**5 + 0 + 1/120*l**6 - 7/6*l**3 + 3*l**2 - 5/24*l**4. What is u(6)?
-1
Let v(f) = -f + 1. Let p be (-1)/2 + (-57)/(-6) + -5. Suppose -4*k = -3*c + 2*c - 24, -3*c = p*k - 40. What is v(k)?
-6
Let r(k) = k**2 + 1. Let j(i) = 1. Suppose 0 = -3*g - 3. Let n be (8/(-6))/(22/(-33))*2. Let h(w) = g*r(w) + n*j(w). Determine h(0).
3
Let k = 17 + -15. Let u be (-3)/((-3 - -2)*1). Let n(a) = 1 + u + a**2 + 5*a + 0*a**k. What is n(-4)?
0
Let y(j) = j**3 + 4*j**2 + 2. Let g be 9/12*4 - 26. Let f = g + 29. Let s be ((-64)/24)/(4/f). Give y(s).
2
Let p(h) = h - 7. Let r(z) = z - 6. Let k(f) = -4*p(f) + 5*r(f). Let d(v) = 94*v**2 + 1. Let c be d(1). Let i = c - 92. Give k(i).
1
Let h = -3 + 6. Let i = -17 - -19. Let j(t) = -35 + t + 17 + 18 - t**i. Give j(h).
-6
Let n(t) = t**2 + 3*t - 2. Suppose 5*v + 2*i = -41, 0 = v - 0*v - 5*i - 8. Let u(w) = -w**3 - 2*w**2 - 10*w + 6. Let k(y) = v*n(y) - 2*u(y). Give k(2).
4
Let f be ((-8)/5)/((-4)/(-40)*2). Let c be 1 - -5 - (-6)/(f - -5). Let q(d) = -d - 1. What is q(c)?
-5
Let j = 9 + -13. Let c(s) = -s**2 - 6*s - 3. Let w be c(j). Let z(r) = r - 7. Give z(w).
-2
Let y be 3*(-35)/30*(10/35 - 2). Let c(p) = -2 + 8 - 1. Let m(q) = -q + 10. Let o(f) = 5*c(f) - 3*m(f). What is o(y)?
13
Let s(h) = -3*h**3 - 18*h**2 + 21*h + 18. Let o(y) = -y**3 - 7*y**2 + 7*y + 6. Let f(z) = 8*o(z) - 3*s(z). Determine f(-2).
-8
Let r(b) = -6666*b + 6 + 3332*b + 3336*b. What is r(3)?
12
Let p = 2 - -1. Let g(l) = -23*l**2 - 5 + 0*l + l + 10*l**3 - 3*l + 4*l**3. Let n(x) = -5*x**3 + 8*x**2 + x + 2. Let c(r) = 4*g(r) + 11*n(r). Determine c(p).
2
Suppose -3*y = 4*m + 88, -6*m - 37 = -5*m - 3*y. Let o = 29 + m. Let u(j) be the second derivative of j**5/20 - j**4/4 - 2*j**3/3 - 2*j**2 - j. What is u(o)?
-4
Let f(m) be the first derivative of m**2/2 + 1. Suppose -11 = 5*n + 2*k, 9*n - 6 = 15*k - 10*k. What is f(n)?
-1
Let m(n) be the first derivative of -n**4/4 + 2*n**3/3 + 3*n - 3. Let r = 15 - 12. What is m(r)?
-6
Let y(o) = -o + 8. Suppose 10*h = -3*z + 6*h - 9, -z = -2*h + 13. Give y(z).
15
Let j(g) be the second derivative of g**7/840 - g**6/45 + g**5/20 + g**4/8 + 7*g**3/6 + 11*g. Let o(a) be the second derivative of j(a). What is o(7)?
-4
Let y(p) = p**2 + p - 5. Suppose -72 = -3*l - 72. Determine y(l).
-5
Let h(a) = a + 2. Let u = 31 + -17. Suppose 0 = -3*j + u + 4. Determine h(j).
8
Let r(m) be the third derivative of -m**5/120 + m**4/4 - 5*m**3/3 - 10*m**2. Let y(c) be the first derivative of r(c). What is y(3)?
3
Let k be (4 - 3)/(3 - (-368)/(-122)). Let l = k - -66. Let x(t) = t**2 - 2*t - 2. What is x(l)?
13
Let p(n) = 12*n - 2*n - 9*n + 6. Let c be p(6). Let i(q) = q - 17. Determine i(c).
-5
Let a(d) be the first derivative of 3*d**4/4 + 5*d**2/2 - 16. Let x(n) = 4*n**3 + n**2 + 6*n. Let y(z) = -5*a(z) + 4*x(z). Give y(-4).
4
Let a(w) = -7*w + 4*w**3 - 6 + w**2 - 3*w**3 + 2*w**2. Let b = 78 + -83. Let z be 8/4*(-3)/(-6) + b. What is a(z)?
6
Suppose 26*j = 29*j + 21. Let s(x) = x + 17. Calculate s(j).
10
Let j(o) = 0*o + 3*o - 2*o. Let h be (-1)/(4 + 34/(-8)). Suppose -2*s + 0 = 2*i + 8, 0 = 5*s + h*i + 21. Give j(s).
-5
Let d(m) = -m**3 - 5*m**2 - 3*m - 1. Suppose 7 = 4*b - 3*j, j + 6 = 2*b - j. Calculate d(b).
-7
Let m(h) = 5*h**3 + 6*h**2 - h**2 - 4*h**3 + 6*h**2 - 13*h - 7. Let o be m(-12). Let i(r) = 2*r - o + 2 + 2. Determine i(2).
3
Let j(k) be the first derivative of -32 - 1/2*k**2 + 9*k. Calculate j(7).
2
Suppose -3*m = -96 + 87. Let s = 5 + -3. Let k(x) = -s*x + 0*x - 2 - x. What is k(m)?
-11
Let w(s) = -s**3 + s**2 - s + 1. Let m be w(0). Let v(l) = 8*l - 3. Let g(t) = t - 1. Let y(b) = 4*g(b) - v(b). Calculate y(m).
-5
Let r(k) = 14*k - 804. Let d be r(57). Let o(j) = 3*j - 7. Give o(d).
-25
Let f be 3/2*(-192)/288. Let g(n) = n**2 + n. Determine g(f).
0
Let j(q) = 13 + 9*q - 4 - 7 - 6 - q**2 + 1. Let m(c) = -c**3 + 9*c**2 + 2*c - 12. Let a be m(9). What is j(a)?
15
Suppose -n - 6 = -11. Suppose x = 5*a + n, 3*x + 7 = 7*a - 3*a. Let p(s) be the second derivative of -2*s**3/3 - s**2/2 + s. Calculate p(a).
7
Let r be (24/20)/(12/80). Let p(c) = -1 + 0*c**2 + 0*c + c**2 - 9*c. Give p(r).
-9
Let t(u) = -2*u + 8*u - 3*u - u**2 - 19 - 9*u - 4*u. Determine t(-7).
2
Let b(n) = n**2 + 3*n - 4. Suppose 5*s = -2*z + z + 35, -4*z - 4*s + 76 = 0. Suppose -z = 2*y - h + 4*h, 4*y + 3*h = -21. Give b(y).
-4
Let r(z) be the second derivative of z**5/20 - 7*z**4/12 - z**3/6 + 4*z**2 + z - 71. What is r(7)?
1
Let h(l) = 1 + 3*l**2 - l**2 - 3*l**2 - 6*l. Suppose -3789 = -26*n - 279. Let c = n + -140. What is h(c)?
6
Let s = 4 + -1. Let y(v) = -s*v**2 - 6*v**3 + 0*v**3 + 2*v**2. Let a(k) = k**2 - 18*k + 18. Let c be a(17). Calculate y(c).
-7
Suppose 9*m - 1 = 8*m. Let v(z) = z**3 - 6*z**2 - z - 12. Let w(d) = d + 1. Let l(j) = m*v(j) + 3*w(j). Suppose -5*s = 7 - 37. Calculate l(s).
3
Let j(g) = -g**2 - 12*g - 6. Let s = 918 - 929. Determine j(s).
5
Let h(t) be the third derivative of t**8/20160 + t**7/630 + t**6/120 + t**5/4 - 9*t**2. Let q(z) be the third derivative of h(z). What is q(-5)?
-9
Let o = -210 + 212. Let x(y) be the first derivative of 6 + o*y**2 + 3*y + 1/3*y**3. What is x(-5)?
8
Let b(o) = o**3 - 5*o**2 + o - 2. Suppose -f + 3 = -2. Let t be b(f). Let n(d) be the first derivative of -d**3/3 + 2*d**2 - 2*d - 3. G